What are the prime factors of 1306?
2, 653
List the prime factors of 89348.
2, 7, 3191
List the prime factors of 22070.
2, 5, 2207
What are the prime factors of 446?
2, 223
List the prime factors of 59182.
2, 127, 233
List the prime factors of 51135.
3, 5, 7, 487
List the prime factors of 10173.
3, 3391
What are the prime factors of 1556?
2, 389
What are the prime factors of 14201?
11, 1291
What are the prime factors of 90602?
2, 89, 509
What are the prime factors of 1096?
2, 137
List the prime factors of 14153.
14153
List the prime factors of 5.
5
List the prime factors of 8125.
5, 13
List the prime factors of 31682.
2, 7, 31, 73
List the prime factors of 7161.
3, 7, 11, 31
List the prime factors of 5523.
3, 7, 263
List the prime factors of 1599.
3, 13, 41
What are the prime factors of 1771?
7, 11, 23
What are the prime factors of 1299?
3, 433
List the prime factors of 120059.
211, 569
List the prime factors of 80875.
5, 647
What are the prime factors of 976?
2, 61
What are the prime factors of 1072?
2, 67
List the prime factors of 63190.
2, 5, 71, 89
List the prime factors of 995.
5, 199
List the prime factors of 49291.
11, 4481
What are the prime factors of 30910?
2, 5, 11, 281
What are the prime factors of 5536?
2, 173
What are the prime factors of 4769?
19, 251
What are the prime factors of 1840?
2, 5, 23
List the prime factors of 13081.
103, 127
List the prime factors of 60230.
2, 5, 19, 317
List the prime factors of 103100.
2, 5, 1031
What are the prime factors of 56337?
3, 89, 211
List the prime factors of 43074.
2, 3, 2393
What are the prime factors of 96547?
11, 67, 131
What are the prime factors of 5676?
2, 3, 11, 43
List the prime factors of 64032.
2, 3, 23, 29
List the prime factors of 2937.
3, 11, 89
List the prime factors of 3052.
2, 7, 109
What are the prime factors of 58550?
2, 5, 1171
What are the prime factors of 2461?
23, 107
What are the prime factors of 234?
2, 3, 13
What are the prime factors of 119009?
11, 31, 349
List the prime factors of 995.
5, 199
What are the prime factors of 893?
19, 47
What are the prime factors of 24022?
2, 12011
What are the prime factors of 996?
2, 3, 83
What are the prime factors of 5132?
2, 1283
List the prime factors of 11024.
2, 13, 53
What are the prime factors of 27326?
2, 13, 1051
What are the prime factors of 41427?
3, 4603
List the prime factors of 2518.
2, 1259
What are the prime factors of 192?
2, 3
What are the prime factors of 44666?
2, 23, 971
What are the prime factors of 3877?
3877
List the prime factors of 497.
7, 71
What are the prime factors of 2103?
3, 701
List the prime factors of 1019.
1019
List the prime factors of 11324.
2, 19, 149
List the prime factors of 4094.
2, 23, 89
What are the prime factors of 3910?
2, 5, 17, 23
What are the prime factors of 21161?
7, 3023
What are the prime factors of 14396?
2, 59, 61
What are the prime factors of 2513?
7, 359
What are the prime factors of 17978?
2, 89, 101
List the prime factors of 5560.
2, 5, 139
List the prime factors of 2257.
37, 61
List the prime factors of 199.
199
What are the prime factors of 31446?
2, 3, 1747
What are the prime factors of 14498?
2, 11, 659
What are the prime factors of 3318?
2, 3, 7, 79
What are the prime factors of 8123?
8123
List the prime factors of 733.
733
What are the prime factors of 672?
2, 3, 7
List the prime factors of 140589.
3, 41, 127
What are the prime factors of 11402?
2, 5701
List the prime factors of 904.
2, 113
List the prime factors of 7237.
7237
What are the prime factors of 12351?
3, 23, 179
List the prime factors of 8094.
2, 3, 19, 71
What are the prime factors of 5228?
2, 1307
List the prime factors of 2498.
2, 1249
What are the prime factors of 131022?
2, 3, 29, 251
List the prime factors of 38586.
2, 3, 59, 109
What are the prime factors of 21403?
17, 1259
List the prime factors of 4408.
2, 19, 29
List the prime factors of 33705.
3, 5, 7, 107
List the prime factors of 496.
2, 31
List the prime factors of 14027.
13, 83
List the prime factors of 4242.
2, 3, 7, 101
What are the prime factors of 5185?
5, 17, 61
What are the prime factors of 4997?
19, 263
What are the prime factors of 8380?
2, 5, 419
What are the prime factors of 364?
2, 7, 13
List the prime factors of 5924.
2, 1481
What are the prime factors of 1580?
2, 5, 79
What are the prime factors of 987?
3, 7, 47
What are the prime factors of 450?
2, 3, 5
What are the prime factors of 21092?
2, 5273
List the prime factors of 173095.
5, 13, 2663
What are the prime factors of 257?
257
List the prime factors of 5103.
3, 7
What are the prime factors of 763?
7, 109
What are the prime factors of 19467?
3, 7, 103
What are the prime factors of 47987?
47, 1021
List the prime factors of 4687.
43, 109
What are the prime factors of 54062?
2, 27031
What are the prime factors of 814?
2, 11, 37
List the prime factors of 70537.
70537
What are the prime factors of 13689?
3, 13
List the prime factors of 414.
2, 3, 23
List the prime factors of 9867.
3, 11, 13, 23
What are the prime factors of 20901?
3, 6967
What are the prime factors of 310?
2, 5, 31
What are the prime factors of 8662?
2, 61, 71
What are the prime factors of 4111?
4111
List the prime factors of 7666.
2, 3833
List the prime factors of 401.
401
What are the prime factors of 2932?
2, 733
List the prime factors of 4493.
4493
List the prime factors of 678.
2, 3, 113
List the prime factors of 643.
643
What are the prime factors of 534?
2, 3, 89
List the prime factors of 74575.
5, 19, 157
List the prime factors of 3764.
2, 941
List the prime factors of 9027.
3, 17, 59
List the prime factors of 146250.
2, 3, 5, 13
List the prime factors of 1477.
7, 211
What are the prime factors of 6905?
5, 1381
What are the prime factors of 2966?
2, 1483
List the prime factors of 1017.
3, 113
What are the prime factors of 406?
2, 7, 29
What are the prime factors of 135910?
2, 5, 13591
What are the prime factors of 687?
3, 229
List the prime factors of 29117.
11, 2647
List the prime factors of 1365.
3, 5, 7, 13
What are the prime factors of 5153?
5153
List the prime factors of 12389.
13, 953
What are the prime factors of 1109?
1109
What are the prime factors of 34920?
2, 3, 5, 97
What are the prime factors of 4088?
2, 7, 73
What are the prime factors of 1691?
19, 89
What are the prime factors of 12945?
3, 5, 863
List the prime factors of 3897.
3, 433
What are the prime factors of 32492?
2, 8123
List the prime factors of 1077.
3, 359
List the prime factors of 337.
337
List the prime factors of 12992.
2, 7, 29
List the prime factors of 7549.
7549
List the prime factors of 25025.
5, 7, 11, 13
What are the prime factors of 26?
2, 13
What are the prime factors of 18368?
2, 7, 41
What are the prime factors of 420?
2, 3, 5, 7
What are the prime factors of 12607?
7, 1801
List the prime factors of 47319.
3, 15773
What are the prime factors of 5217?
3, 37, 47
What are the prime factors of 551?
19, 29
List the prime factors of 4537.
13, 349
What are the prime factors of 563?
563
What are the prime factors of 1008?
2, 3, 7
What are the prime factors of 2236?
2, 13, 43
List the prime factors of 1935.
3, 5, 43
List the prime factors of 39122.
2, 31, 631
List the prime factors of 408.
2, 3, 17
What are the prime factors of 36347?
19, 1913
What are the prime factors of 16545?
3, 5, 1103
List the prime factors of 925.
5, 37
List the prime factors of 3655.
5, 17, 43
List the prime factors of 25494.
2, 3, 7, 607
What are the prime factors of 1123?
1123
List the prime factors of 658.
2, 7, 47
List the prime factors of 11210.
2, 5, 19, 59
What are the prime factors of 593?
593
List the prime factors of 2608.
2, 163
List the prime factors of 1082.
2, 541
List the prime factors of 2033.
19, 107
List the prime factors of 866.
2, 433
What are the prime factors of 1759?
1759
What are the prime factors of 1202?
2, 601
What are the prime factors of 939?
3, 313
What are the prime factors of 5492?
2, 1373
List the prime factors of 78547.
7, 229
What are the prime factors of 3147?
3, 1049
List the prime factors of 75728.
2, 4733
What are the prime factors of 26925?
3, 5, 359
List the prime factors of 61132.
2, 17, 29, 31
What are the prime factors of 880?
2, 5, 11
List the prime factors of 9786.
2, 3, 7, 233
What are the prime